alculate the highest common divisor of k and 69.
23
Suppose -2*d + 132 = 2*d. Let b = -15 + d. Let q be b*15*4/18. Calculate the greatest common factor of 24 and q.
12
Suppose -4*d + 3*n + 105 = 0, -2*d + 25 = 5*n - 60. Let o(y) = y**2 - 7*y - 2. Let g be o(6). Let s = 18 + g. Calculate the greatest common factor of s and d.
10
Let w(z) = -685*z**3 + 2*z + 1. Let b be w(-1). Let o = b - 444. Suppose -60 = 3*s - o. What is the greatest common factor of s and 10?
10
Let l = 0 + 2. Let w(k) = -k**2 - 11*k - 5. Let i be w(-5). Let h be (8/20)/(1/i). Calculate the greatest common factor of l and h.
2
Let t = -2 - -59. What is the highest common factor of 19 and t?
19
Let w = -50 + 57. What is the greatest common divisor of 7 and w?
7
Suppose q = 4*d + 9, 2*q - 6 = -5*d + 12. Let z = q - -15. Let x = 17 - 1. What is the greatest common divisor of z and x?
8
Let a = 111 + -81. Calculate the greatest common factor of a and 50.
10
Let l(j) = 2 + 1 - 4 - j - 2*j**2 - 3*j**3. Let k be l(-2). Suppose 3*c + 2*i - 208 = 0, -4*c - c + 348 = 4*i. Calculate the highest common divisor of c and k.
17
Suppose 0 = 13*u - 132 - 24. What is the highest common factor of u and 84?
12
Suppose -4*i - 3*v = -131, v - 2 - 63 = -2*i. Suppose 2*n + 4*o = -3*n + 23, -5*n + i = o. What is the greatest common factor of n and 1?
1
Suppose 4*m + 10 + 14 = t, 2*m = 2*t - 36. What is the highest common factor of t and 16?
16
Let p be (-8)/6*(-57)/2. Let l be 232/4 + 1/1 + -2. Calculate the greatest common factor of l and p.
19
Let q(b) = b**3 + 8*b**2 - 4*b - 17. Let f be q(-7). What is the highest common factor of 15 and f?
15
Let a = -11 + 9. Let j be (-268)/(-6) + a/3. Calculate the highest common divisor of j and 11.
11
Let q(h) = 50*h**2 + 5*h - 5. Let c be q(2). Calculate the greatest common factor of 82 and c.
41
Let u be ((-6)/(-9))/(1/3). Let h = -19 - -24. Calculate the highest common factor of h and u.
1
Let v be (-266)/(-6) - 16/(-24). Suppose 12*s = 7*s + v. What is the highest common divisor of s and 27?
9
Let v = 18 - 21. Let g(a) = 1 - 4*a - 2*a + 3*a. Let n be g(v). What is the greatest common divisor of 80 and n?
10
Let z(h) = -h**3 - h - 3*h**2 + 0 - 3 - h. Let w be z(-3). Calculate the highest common factor of w and 1.
1
Suppose 0 = 240*x - 239*x - 32. Suppose 2*p - 406 = -3*p + 3*i, -4*p - 5*i = -310. Calculate the greatest common factor of p and x.
16
Let d be -534 + ((-2)/2 - 1). Let m be d/(-6) + (-2)/(-3). Suppose 0 = 8*i + 17 - 97. Calculate the highest common factor of i and m.
10
Let a = -11 - -41. Suppose 2*q = f - 7, 0*q - 5*f = -2*q + 5. Let w be (q/(-15))/((-1)/(-45)). Calculate the highest common divisor of a and w.
15
Let k be ((-126)/(-35) + -4)/(2/(-70)). What is the greatest common divisor of k and 182?
14
Suppose -6*y + 56 = y. Calculate the highest common divisor of y and 80.
8
Let w be (18 - 3)/5 + -2. What is the greatest common factor of 7 and w?
1
Suppose 0 = -2*w - 6 + 26. Let r = -6 - -10. Suppose 4*z - 92 = -4*u, -3*u + 71 = r*z - 2*z. Calculate the greatest common divisor of u and w.
5
Let y be (-1)/3 - (-40)/3. Suppose 0 = -3*k - 2*k + 195. Calculate the highest common divisor of y and k.
13
Let d be 2/9 + 266/18. Suppose 0 = -f, 0 = 3*z - 3*f - 0*f - 360. What is the greatest common divisor of z and d?
15
Let d(q) = q + 3. Let u be d(3). Suppose n - 92 = -4*v, 2*v = n + 40 + u. Calculate the greatest common factor of v and 138.
23
Let t be (-3)/(-2)*(-2)/(-3). Let s be (-3)/2*4/(-3). Let k be t*5*s*2. What is the greatest common factor of k and 10?
10
Let a be -3*(-8)/12 - -8. What is the greatest common factor of 40 and a?
10
Let k(m) be the first derivative of -m**2/2 + 12*m - 2. Let u be k(8). What is the highest common factor of 28 and u?
4
Suppose -5*b = 25, 0*t - b = t - 11. Let f = t + -7. Calculate the greatest common factor of 63 and f.
9
Suppose -3*u - 441 = -24*u. Calculate the highest common divisor of u and 147.
21
Let o(q) = 2*q**2 - 4*q - 6. Let l be o(-7). Suppose -l + 20 = -5*x. Calculate the greatest common divisor of 10 and x.
10
Let t(i) = -i**3 + 6*i**2 + 2*i - 6. Let h be t(6). Let y be (h/(-4) + 1)*-114. What is the highest common divisor of 19 and y?
19
Let s(v) = v**3 - 11*v**2 + 13*v - 15. Let b be s(10). Let t = b - 6. Calculate the highest common factor of t and 9.
9
Suppose 0 = -4*h + 110 + 178. Let l be (-64)/(-7)*2 - 52/182. What is the greatest common divisor of h and l?
18
Suppose 7 + 12 = 3*a - 2*i, -16 = -2*a + 3*i. Let l(d) = -d - 6*d + d + d**2 + a. Let o be l(8). What is the greatest common factor of o and 84?
21
Let v(q) = -q - 5. Let r be v(-8). What is the highest common factor of 9 and r?
3
Suppose 5*d + 2 - 17 = 0. Calculate the greatest common factor of d and 3.
3
Suppose -3*k = -3*m - 21, 4*m + 15 = k - m. Let b = 115 + -60. What is the highest common divisor of k and b?
5
Let t = 17 - 0. Calculate the greatest common factor of t and 51.
17
Let k(p) = p**2 + p - 1. Let b be k(-2). Suppose 2*n - 19 = 3. What is the greatest common factor of n and b?
1
Let v be (36/20 - 1) + (-321)/(-5). What is the greatest common divisor of 39 and v?
13
Suppose 4*g + 4 + 8 = u, u - 2*g = 12. Suppose 5*o - 39 = -9. What is the greatest common divisor of u and o?
6
Let u(b) = 15*b - 27. Let m be u(4). What is the greatest common divisor of m and 99?
33
Let c be (-2)/(-1)*((-630)/(-12))/3. What is the greatest common factor of 105 and c?
35
Let s(v) = -v**3 - v**2 + v. Let b be s(-2). Suppose 3*w - b*w = 3*j - 131, 0 = 5*j + 3*w - 223. What is the greatest common divisor of j and 22?
22
Suppose 5*t = -5*m + 127 + 148, -165 = -3*t + 3*m. Suppose -3*l + t = 4. What is the greatest common factor of 34 and l?
17
Suppose 4*l - 62 = 5*y, 3*l + 4*y - 80 = -l. Let i = -103 - -112. What is the highest common divisor of i and l?
9
Let a(u) = u**2 - 6*u - 7. Let k(v) = -v**2 + 7*v + 7. Let z(g) = 6*a(g) + 5*k(g). Let j be z(-5). What is the highest common factor of 161 and j?
23
Let x(m) = -m. Let j(s) = -5*s. Let d(k) = -4*j(k) + 22*x(k). Let p be d(-5). What is the highest common factor of p and 70?
10
Let f = 47 - 35. Calculate the highest common factor of 24 and f.
12
Let h(u) = 0 + 1 + 3*u + u. Let j be h(4). Let n(p) = 29*p**2 + 3*p - 3. Let w be n(2). What is the greatest common factor of w and j?
17
Let j(g) = -g + 7. Let b be ((0 + 10)*1)/2. Let y be j(b). Suppose -3*x = -4*o + 67, -2*o + y*x = -7*o + 78. What is the greatest common divisor of o and 8?
8
Let u(g) = 9*g - 3. Let w be u(7). Suppose -3*q = -3*i + 45, -3*i + 45 = -2*q + 5*q. Calculate the highest common factor of i and w.
15
Let c(b) = -b**3 + 5*b**2 + 6*b - 6. Let q be c(6). Let g(r) = r**3 + 7*r**2 + 2*r + 8. Let p be g(q). Calculate the greatest common factor of 8 and p.
8
Let u = -28 - -84. What is the greatest common factor of u and 8?
8
Let w = -229 - -142. Let b be (-2)/(w/42 - -2). Let v = b + -17. Calculate the highest common divisor of 11 and v.
11
Suppose 3*l - 166 = -5*z, 0 = 4*l + 3*z + z - 216. Calculate the highest common factor of 13 and l.
13
Suppose 0 = 3*r - 115 + 34. Calculate the highest common factor of r and 108.
27
Suppose 0*q - 3*q + 72 = 0. What is the highest common factor of 12 and q?
12
Let g be 133/9 - (-8)/36. What is the greatest common divisor of g and 75?
15
Suppose -4*w + w + 42 = 0. Suppose -4*s + 5*k - 74 = -0*k, s + 25 = -2*k. Let q be (-4)/w - 405/s. Calculate the greatest common factor of 171 and q.
19
Suppose -4*k - 212 = -5*r, -r + 37 = 5*k + 12. Suppose -2*o = 5 - 25. What is the highest common factor of o and r?
10
Let m be (-5 + 17)*6/8. What is the highest common divisor of m and 12?
3
Let s be -1 - (3/(-1) + -4). Calculate the highest common divisor of s and 24.
6
Let f be 1/((16/12)/4). What is the highest common divisor of f and 2?
1
Suppose 5*u = 3*u + 180. Suppose r - 2*j - 3*j = 3, -5*j = -5*r + 75. Calculate the highest common divisor of u and r.
18
Suppose p = 5, s = 3*p + 19 + 8. What is the greatest common divisor of 21 and s?
21
Let h = 81 - 71. Let i = 5 - 0. Calculate the highest common factor of i and h.
5
Let c = 1 - 7. Let i be c/3*-5 - 3. Let x(v) = v**3 - 3*v**2 + v + 1. Let f be x(5). Calculate the highest common factor of f and i.
7
Let d = 25 + 59. Suppose 0*l - 74 = -5*l + 2*